**2 + 17*t + 92. Let r(j) = 7*j**2 - 53*j - 275. Let f(x) = -3*r(x) - 8*z(x). What is the remainder when 494 is divided by f(-4)?
44
Let q = -608 + 1981. Calculate the remainder when q is divided by 81.
77
Let d = 39 + -47. Let a be (1930/d)/(-5) - 2/8. Let t = -37 + a. Calculate the remainder when t is divided by 3.
2
Let p(a) = -a**3 - 3*a**2 + 15*a + 7. Let t be p(-6). What is the remainder when 29 is divided by ((-5)/(t/(-10)))/((-4)/(-34))?
12
Let q = -162 - -167. Suppose 0 = -q*g + 281 + 189. What is the remainder when g is divided by 26?
16
Let a = 35 + 23. Let l(d) = -d**3 + 9*d**2 + 4*d - 16. Let z = -62 - -71. Calculate the remainder when a is divided by l(z).
18
Let c be (-296)/128*-4*4. Suppose -c*a + 1864 = -763. Calculate the remainder when 424 is divided by a.
69
What is the remainder when 589 is divided by (38/(-2))/((-404)/40 + (0 - -10))?
19
Suppose 0 = -184826*g + 184824*g + 8. Let x(b) = 15*b**3 + 1. What is the remainder when x(1) is divided by g?
0
Let l be 1 + (-16)/(-4)*-1 - -7. Suppose -3*n - 13 = -z, 0 = -l*z + 5*n - n + 84. What is the remainder when z is divided by 14?
11
Suppose -5134*r + 5144*r - 183060 = 0. Calculate the remainder when r is divided by 92.
90
Suppose 6*f = 194 - 62. Let i(l) = -l - 8. Let m be i(-2). Calculate the remainder when 2/3*159 - m/2 is divided by f.
21
Let a = 33 - -2. Let n(f) be the third derivative of 41*f**5/60 + f**4/4 - 2*f**3/3 + 31*f**2. What is the remainder when n(2) is divided by a?
32
Let l(a) = 7*a + 23. Let j be l(4). Suppose 3*c + y - j = 0, 3*c + c - 3*y = 81. Let h = -6 + 41. Calculate the remainder when h is divided by c.
17
Let w = 548 - 373. Let v = 217 - w. What is the remainder when 167 is divided by v?
41
Let d(b) = -3*b + 1. Let s(r) = -r**3 + 16*r**2 - 103*r + 449. Calculate the remainder when s(9) is divided by d(-1).
1
Let j(h) = 3*h**2 + 39 + h + 16*h - 45. Let t be j(-6). Suppose 5*k - s - 264 = t, 3*k = 2*s + 82 + 82. What is the remainder when k is divided by 27?
25
Let h = -13 - -32. Suppose 3*r = -3 - 9, 5*s = -5*r + 170. Suppose 4*q + 56*g - s = 58*g, 5*g + 18 = -q. Calculate the remainder when h is divided by q.
5
Suppose 0 = 2*v - 158 - 160. Suppose 4*j - 46 = -2*o, -20 = -2*j - 3*o + 1. What is the remainder when v is divided by j?
3
Suppose 6*w - w + b - 5601 = 0, -4*b - 5596 = -5*w. Suppose w = -4*g + 32*g. What is the remainder when g is divided by 11?
7
Let f = -5819 - -6595. Calculate the remainder when f is divided by 39.
35
Suppose -3 = -t + 6. Suppose -191*u - 21320 + 106626 = 195*u. Calculate the remainder when u is divided by t.
5
Suppose -r + 112 = 7*r. Suppose -19*y + 80 = -r*y. Suppose -y*v = 215 - 1351. What is the remainder when v is divided by 29?
13
Suppose -3*z = 3*h - 90, -1063*h - 4*z + 42 = -1062*h. What is the remainder when 953 is divided by h?
17
Suppose 26*k = 30*k. Suppose -5*a - 70 = -k*p - 4*p, 4*a = -3*p + 68. Calculate the remainder when 74 is divided by p.
14
Let g(z) be the third derivative of z**5/20 - 5*z**4/24 - 5*z**3/3 + 17*z**2. What is the remainder when 287 is divided by g(-3)?
31
Suppose 0 = -6*y + y + 20. Let b be (7 - 9)*(-10)/y. Suppose 2*n = -b*z + 3*z + 16, -3*n = 5*z - 34. Calculate the remainder when 13 is divided by n.
1
Let z = 120 - 117. Suppose r + 72 = z*d - 43, -d - 4*r + 21 = 0. What is the remainder when 292 is divided by d?
33
Suppose g = 0, -3*g = 2*d - 0*g - 14. Let w(s) = -32*s - 307. Let f be w(-10). Calculate the remainder when (-1 - -24) + (-63)/7 + f is divided by d.
6
Let q = 180 - 183. What is the remainder when 53 is divided by ((q - -1) + 1)*-26?
1
Suppose -265 = -g + 5*h, 4*h + 565 = 5*g - 613. Calculate the remainder when g is divided by 62.
44
Let o = 930 + -791. Calculate the remainder when o is divided by -1 + 17*1 - 0.
11
Let d(p) = 21*p**2 + 1. Let b(f) = 13*f**2 - 5*f + 4. Let a be b(2). Let u = a - 48. Calculate the remainder when d(u) is divided by 29.
27
Suppose 8*j = 12*j - 28. Let q(x) = x**2 + x + 6. Calculate the remainder when q(j) is divided by 8/3*4*3.
30
Suppose 4*n - 385 = 3*u, -242 = -2*n - u - 37. Calculate the remainder when n is divided by 47.
6
Suppose 3*n + 1183 = 221*d - 217*d, 3*d = -2*n + 900. Suppose -1 = -2*f + 49. Calculate the remainder when d is divided by f.
23
Let s(q) = 122*q - 179. What is the remainder when s(7) is divided by 6?
3
Let x = -6310 + 6563. What is the remainder when 772 is divided by x?
13
Let x = 74 - 71. What is the remainder when x/(81/4179) - 26/(-117) is divided by 39?
38
Let f = 79 + -58. What is the remainder when 8 is divided by (1/(-3))/((f/7)/(-36))?
0
Suppose 341 = 9*j + 8. Suppose 10*z = 2168 - 1508. What is the remainder when z is divided by j?
29
Suppose 69 = 3*d - 3*z, -6*d + 2*z + 233 = 123. Suppose -f = j - 41, 0 = -0*f - 4*f + 16. Calculate the remainder when j is divided by d.
5
Let t(l) = -14*l + 2. Suppose -4*g - 11 = w, 4*g + 1 = -2*w - 13. Suppose 17*k = -180 + 367. What is the remainder when t(g) is divided by k?
8
Let u be (-7)/(-4 - (-8 + 3)). Calculate the remainder when 40 is divided by (-517)/(-99) - u - (-4)/(-18).
4
Let f(t) = 74*t + 5890. What is the remainder when 1098 is divided by f(-79)?
42
Calculate the remainder when 1260 is divided by 8 + 32/432*-111 + 1712/9.
120
Suppose -p - 49 = -r, -4*r - 3*p = -4*p - 181. Let k = r + 1. What is the remainder when 175 is divided by k?
40
Let v(q) = 31*q + 148. Let l(s) = -16*s - 73. Let d(z) = 9*l(z) + 4*v(z). Calculate the remainder when 216 is divided by d(-6).
51
Suppose 2*z - 407*j + 406*j - 19 = 0, 4*j - 28 = 0. What is the remainder when 2545 is divided by z?
10
Let g(h) = 390*h**2 - 12*h - 18. Calculate the remainder when g(-2) is divided by 175.
166
Let t = 26140 - 24821. What is the remainder when t is divided by 42?
17
Let t(q) = q**2 + 10*q + 30. Let a(p) = 2*p**3 + 49*p**2 + 13*p + 5. What is the remainder when a(-24) is divided by t(-12)?
53
What is the remainder when (-3)/(1/(-2) + 2) - (-82 - -34) is divided by 16?
14
Let m = -9172 + 9335. What is the remainder when 494 is divided by m?
5
Suppose -y - 20 = y - 2*b, 0 = -4*y + 3*b - 42. Let s be y/(8/2) - -8. Suppose s*z - 42 + 17 = 0. Calculate the remainder when 19 is divided by z.
4
Let j(q) = q**3 + 5*q**2 + 7*q + 14. Let t be j(-4). Suppose 12*u = 13*u - 3, -2*u + 210 = t*v. What is the remainder when v is divided by 53?
49
Let a(b) = -b**2 + 97*b - 2082. What is the remainder when 1316 is divided by a(35)?
84
Suppose -37*i - 2*j = -34*i - 206, i = 2*j + 66. Calculate the remainder when 161 is divided by i.
25
Let c(b) = 36*b**2 + 16*b + 70. Let d(x) = -4*x + 33. What is the remainder when c(-4) is divided by d(-8)?
62
Calculate the remainder when 8 is divided by 8 + 1 + (-99)/33.
2
Let m(i) = 25*i + 6. Let c be (0 - 3)*(-14)/21. Let j be m(c). Let n = -29 + j. What is the remainder when 161 is divided by n?
26
Suppose f - 2*f + 108 = 0. Suppose 21*q - f = 17*q. Calculate the remainder when q is divided by 12.
3
Suppose -80 = -6*q + 2*q. Let j be (4/((-80)/(-90)))/(2/36). Suppose -89*r + j*r = -56. What is the remainder when q is divided by r?
6
Suppose 68*v - 199290 = -127*v. What is the remainder when v is divided by 64?
62
Let s(i) = 159*i + 2070. Let n be s(-13). Let u = 83 - 119. What is the remainder when 166 is divided by n/4 + (-837)/u?
22
Calculate the remainder when 134 is divided by 74 + (-5 + 2)/((-132)/(-176)).
64
Let y = -266 + 265. Calculate the remainder when (y + 0)/(5/(-1355)) is divided by 69.
64
Let m(b) = 5*b**2 + 37*b + 55. Calculate the remainder when 230 is divided by m(-8).
72
Let g be 2/(1 - -1)*-4. Let r be (36/(-15))/(-3 - 215/(-75)). What is the remainder when 7 + (-2)/g + 27/r is divided by 6?
3
Let p = 92047 - 92014. Let l(f) = -3*f**3 - 6*f**2 + 4. Calculate the remainder when l(-4) is divided by p.
1
Let v(t) = 30*t**2 + 1 - 80*t + 80*t. Suppose 4*a + 2 + 2 = 0. What is the remainder when 121 is divided by v(a)?
28
Suppose 3*r + 3*c - 1596 = 0, 3*r + 5*c - 1242 = 360. What is the remainder when 1636 is divided by r?
49
Suppose -3*h + 63 = 3*l, -53 = -3*h + 19*l - 20*l. Calculate the remainder when 3577 is divided by h.
9
Suppose 5*w + 27 = 77. Suppose -4*v - 12 = -4*j, -3*j + v = -7 - w. Suppose -107 = -9*b + 82. Calculate the remainder when b is divid